{"id":864,"date":"2024-08-21T07:12:58","date_gmt":"2024-08-21T07:12:58","guid":{"rendered":"https:\/\/www.kdksapieha.pl\/?page_id=864"},"modified":"2025-08-12T04:43:03","modified_gmt":"2025-08-12T04:43:03","slug":"gimnastyka-korekcyjna-smyki-z-gimnastyki","status":"publish","type":"page","link":"https:\/\/www.kdksapieha.pl\/index.php\/gimnastyka-korekcyjna-smyki-z-gimnastyki\/","title":{"rendered":"Gimnastyka korekcyjna &#8211; Smyki z Gimnastyki"},"content":{"rendered":"\n<p><strong>Gimnastyka korekcyjna dla dzieci prowadzona przez firm\u0119 Smyki z gimnastyki<\/strong><\/p>\n\n\n\n<p><strong>Smyki z Gimnastyki to zaj\u0119cia gimnastyki korekcyjnej dla dzieci<\/strong>. Uczymy zdrowego ruchu i kszta\u0142tujemy prawid\u0142owe nawyki poprzez zabaw\u0119. Nie wymagamy \u017cadnych za\u015bwiadcze\u0144 od lekarza. Instruktorami s\u0105 fizjoterapeuci, kt\u00f3rzy ch\u0119tnie pomog\u0105 oceni\u0107 postaw\u0119 dziecka.<\/p>\n\n\n\n<ul class=\"wp-block-list\">\n<li>Obserwujesz garbienie u swojego dziecka?<\/li>\n\n\n\n<li>Dostrzegasz krzywienie si\u0119 kolan i st\u00f3p?<\/li>\n\n\n\n<li>Chcesz aby Twoje dziecko wi\u0119cej si\u0119 rusza\u0142o?<\/li>\n\n\n\n<li>Chcesz zarazi\u0107 Je ch\u0119ci\u0105 odkrywania nowych mo\u017cliwo\u015bci w\u0142asnego cia\u0142a?<\/li>\n\n\n\n<li>Chcesz zapewni\u0107 dziecku \u0107wiczenia pod okiem wykwalifikowanego fizjoterapeuty?<\/li>\n<\/ul>\n\n\n\n<p>Nauczymy dzieci jak dba\u0107 o plecy, ustawienie miednicy i n\u00f3g. Zaszczepimy w nich ch\u0119\u0107 ruchu, poznawania w\u0142asnego cia\u0142a. B\u0119dziemy wraz z Tob\u0105 &#8211; rodzicem obserwowa\u0107 post\u0119py dziecka, analizowa\u0107 je oraz konsultowa\u0107 si\u0119 aby pracowa\u0107 wsp\u00f3lnie nad \u015bwiadomo\u015bci\u0105 cia\u0142a u dziecka. Po poznaniu podstawowych pozycji do \u0107wicze\u0144 dodajemy podstawowe \u0107wiczenia akrobatyczne jak np. mostek, stanie na r\u0119kach, stanie na g\u0142owie.<br>Na zaj\u0119ciach zwracamy uwag\u0119 na szczeg\u00f3\u0142y techniczne \u0107wicze\u0144 i wp\u0142ywamy nie tylko na cia\u0142o ale te\u017c na \u015bwiadomo\u015b\u0107 dzieci.&nbsp; Dzieci dostawa\u0107 b\u0119d\u0105 r\u00f3wnie\u017c \u0107wiczenia do domu, aby utrwali\u0107 terapeutyczny efekt zaj\u0119\u0107.<\/p>\n\n\n\n<p>Dzia\u0142amy w kameralnej grupie do 12 os\u00f3b<\/p>\n\n\n\n<p>co pozwala na odpowiedni\u0105 korekcj\u0119 podczas \u0107wicze\u0144. \u0106wiczenia s\u0105 dopasowane do rozwoju motorycznego danej grupy wiekowej.<\/p>\n\n\n\n<p><strong>Zapisz swoje dziecko na gimnastyk\u0119!<\/strong><\/p>\n\n\n\n<p>Zach\u0119camy do kontaktu:&nbsp;<strong><a href=\"mailto:smykizgimnastyki@gmail.com\" target=\"_blank\" rel=\"noreferrer noopener\">smykizgimnastyki@gmail.com<\/a>&nbsp;<\/strong>tel:&nbsp;727 778 865<\/p>\n\n\n\n<p>Zach\u0119camy do odwiedzenia naszej strony&nbsp;<a href=\"http:\/\/www.smykizgimnastyki.pl\/\" target=\"_blank\" rel=\"noreferrer noopener\">www.smykizgimnastyki.pl<\/a>&nbsp;oraz&nbsp;facebooka (<a href=\"https:\/\/www.facebook.com\/smykizgimnastyki\" target=\"_blank\" rel=\"noreferrer noopener\">https:\/\/www.facebook.com\/smykizgimnastyki<\/a>) i&nbsp;instagrama&nbsp;(<a href=\"https:\/\/www.instagram.com\/smykizgimnastyki\/\" target=\"_blank\" rel=\"noreferrer noopener\">https:\/\/www.instagram.com\/smykizgimnastyki\/<\/a>)&nbsp;gdzie znajd\u0105 Pa\u0144stwo bardziej szczeg\u00f3\u0142owe informacje o prowadzonych przez nas zaj\u0119ciach oraz zdj\u0119cia.<\/p>\n\n\n\n<p>czwartki &#8211; godz. 16:30-17:15 grupa przedszkolna&nbsp;&nbsp;<\/p>\n\n\n\n<p>czwartki &#8211; godz. 17:20-18:20 grupa szkolna<\/p>\n","protected":false},"excerpt":{"rendered":"<p>Gimnastyka korekcyjna dla dzieci prowadzona przez firm\u0119 Smyki z gimnastyki Smyki z Gimnastyki to zaj\u0119cia gimnastyki korekcyjnej dla dzieci. Uczymy zdrowego ruchu i kszta\u0142tujemy prawid\u0142owe nawyki poprzez zabaw\u0119. Nie wymagamy \u017cadnych za\u015bwiadcze\u0144 od lekarza. Instruktorami s\u0105 fizjoterapeuci, kt\u00f3rzy ch\u0119tnie pomog\u0105 oceni\u0107 postaw\u0119 dziecka. Nauczymy dzieci jak dba\u0107 o plecy, ustawienie miednicy i n\u00f3g. Zaszczepimy w [&hellip;]<\/p>\n","protected":false},"author":1,"featured_media":0,"parent":0,"menu_order":2,"comment_status":"closed","ping_status":"closed","template":"","meta":{"footnotes":""},"class_list":["post-864","page","type-page","status-publish","hentry"],"blocksy_meta":[],"_links":{"self":[{"href":"https:\/\/www.kdksapieha.pl\/index.php\/wp-json\/wp\/v2\/pages\/864","targetHints":{"allow":["GET"]}}],"collection":[{"href":"https:\/\/www.kdksapieha.pl\/index.php\/wp-json\/wp\/v2\/pages"}],"about":[{"href":"https:\/\/www.kdksapieha.pl\/index.php\/wp-json\/wp\/v2\/types\/page"}],"author":[{"embeddable":true,"href":"https:\/\/www.kdksapieha.pl\/index.php\/wp-json\/wp\/v2\/users\/1"}],"replies":[{"embeddable":true,"href":"https:\/\/www.kdksapieha.pl\/index.php\/wp-json\/wp\/v2\/comments?post=864"}],"version-history":[{"count":12,"href":"https:\/\/www.kdksapieha.pl\/index.php\/wp-json\/wp\/v2\/pages\/864\/revisions"}],"predecessor-version":[{"id":1239,"href":"https:\/\/www.kdksapieha.pl\/index.php\/wp-json\/wp\/v2\/pages\/864\/revisions\/1239"}],"wp:attachment":[{"href":"https:\/\/www.kdksapieha.pl\/index.php\/wp-json\/wp\/v2\/media?parent=864"}],"curies":[{"name":"wp","href":"https:\/\/api.w.org\/{rel}","templated":true}]}}