{"id":61,"date":"2023-12-30T06:52:14","date_gmt":"2023-12-30T06:52:14","guid":{"rendered":"https:\/\/www.kdksapieha.pl\/?page_id=61"},"modified":"2025-08-12T04:52:22","modified_gmt":"2025-08-12T04:52:22","slug":"jezyk-angielski-i-wloski-dla-doroslych","status":"publish","type":"page","link":"https:\/\/www.kdksapieha.pl\/index.php\/jezyk-angielski-i-wloski-dla-doroslych\/","title":{"rendered":"J\u0119zyk angielski"},"content":{"rendered":"\n<p>Czy marzysz o wakacjach za granic\u0105, ale powstrzymuje Ci\u0119 bariera j\u0119zykowa? Wydaje Ci si\u0119, \u017ce bez przewodnika nie dasz rady? We\u017a sprawy w swoje r\u0119ce! Nigdy nie jest za p\u00f3\u017ano, by rozpocz\u0105\u0107 nauk\u0119 j\u0119zyka obcego.<\/p>\n\n\n\n<p>Zaj\u0119cia prowadzone s\u0105 w przyjaznej i bezstresowej atmosferze. Spotkania odbywaj\u0105 si\u0119 w niewielkich grupach, kt\u00f3re s\u0105 zr\u00f3\u017cnicowane pod wzgl\u0119dem wieku i poziomu zaawansowania j\u0119zykowego. Dzi\u0119ki do\u015bwiadczonym nauczycielom pokonasz nie\u015bmia\u0142o\u015b\u0107 i zaczniesz swobodnie rozmawia\u0107 po angielsku.<\/p>\n\n\n\n<p>Nie zwlekaj! Marzenia o nauce nowego j\u0119zyka warto spe\u0142nia\u0107 bez wzgl\u0119du na wiek. Do\u0142\u0105cz do nas i otw\u00f3rz si\u0119 na nowe mo\u017cliwo\u015bci!<\/p>\n\n\n\n<figure class=\"wp-block-gallery has-nested-images columns-default is-cropped wp-block-gallery-1 is-layout-flex wp-block-gallery-is-layout-flex\">\n<figure data-wp-context=\"{&quot;imageId&quot;:&quot;69e9fb1f3803c&quot;}\" data-wp-interactive=\"core\/image\" data-wp-key=\"69e9fb1f3803c\" class=\"wp-block-image size-large wp-lightbox-container\"><img loading=\"lazy\" decoding=\"async\" width=\"800\" height=\"600\" data-wp-class--hide=\"state.isContentHidden\" data-wp-class--show=\"state.isContentVisible\" data-wp-init=\"callbacks.setButtonStyles\" data-wp-on--click=\"actions.showLightbox\" data-wp-on--load=\"callbacks.setButtonStyles\" data-wp-on-window--resize=\"callbacks.setButtonStyles\" data-id=\"228\" src=\"https:\/\/www.kdksapieha.pl\/wp-content\/uploads\/2023\/12\/20150309_184250_20150324.jpg\" alt=\"\" class=\"wp-image-228\" srcset=\"https:\/\/www.kdksapieha.pl\/wp-content\/uploads\/2023\/12\/20150309_184250_20150324.jpg 800w, https:\/\/www.kdksapieha.pl\/wp-content\/uploads\/2023\/12\/20150309_184250_20150324-300x225.jpg 300w, https:\/\/www.kdksapieha.pl\/wp-content\/uploads\/2023\/12\/20150309_184250_20150324-768x576.jpg 768w\" sizes=\"auto, (max-width: 800px) 100vw, 800px\" \/><button\n\t\t\tclass=\"lightbox-trigger\"\n\t\t\ttype=\"button\"\n\t\t\taria-haspopup=\"dialog\"\n\t\t\taria-label=\"Powi\u0119ksz\"\n\t\t\tdata-wp-init=\"callbacks.initTriggerButton\"\n\t\t\tdata-wp-on--click=\"actions.showLightbox\"\n\t\t\tdata-wp-style--right=\"state.imageButtonRight\"\n\t\t\tdata-wp-style--top=\"state.imageButtonTop\"\n\t\t>\n\t\t\t<svg xmlns=\"http:\/\/www.w3.org\/2000\/svg\" width=\"12\" height=\"12\" fill=\"none\" viewBox=\"0 0 12 12\">\n\t\t\t\t<path fill=\"#fff\" d=\"M2 0a2 2 0 0 0-2 2v2h1.5V2a.5.5 0 0 1 .5-.5h2V0H2Zm2 10.5H2a.5.5 0 0 1-.5-.5V8H0v2a2 2 0 0 0 2 2h2v-1.5ZM8 12v-1.5h2a.5.5 0 0 0 .5-.5V8H12v2a2 2 0 0 1-2 2H8Zm2-12a2 2 0 0 1 2 2v2h-1.5V2a.5.5 0 0 0-.5-.5H8V0h2Z\" \/>\n\t\t\t<\/svg>\n\t\t<\/button><\/figure>\n\n\n\n<figure data-wp-context=\"{&quot;imageId&quot;:&quot;69e9fb1f38441&quot;}\" data-wp-interactive=\"core\/image\" data-wp-key=\"69e9fb1f38441\" class=\"wp-block-image size-large wp-lightbox-container\"><img loading=\"lazy\" decoding=\"async\" width=\"800\" height=\"600\" data-wp-class--hide=\"state.isContentHidden\" data-wp-class--show=\"state.isContentVisible\" data-wp-init=\"callbacks.setButtonStyles\" data-wp-on--click=\"actions.showLightbox\" data-wp-on--load=\"callbacks.setButtonStyles\" data-wp-on-window--resize=\"callbacks.setButtonStyles\" data-id=\"229\" src=\"https:\/\/www.kdksapieha.pl\/wp-content\/uploads\/2023\/12\/20150309_193422_20150324.jpg\" alt=\"\" class=\"wp-image-229\" srcset=\"https:\/\/www.kdksapieha.pl\/wp-content\/uploads\/2023\/12\/20150309_193422_20150324.jpg 800w, https:\/\/www.kdksapieha.pl\/wp-content\/uploads\/2023\/12\/20150309_193422_20150324-300x225.jpg 300w, https:\/\/www.kdksapieha.pl\/wp-content\/uploads\/2023\/12\/20150309_193422_20150324-768x576.jpg 768w\" sizes=\"auto, (max-width: 800px) 100vw, 800px\" \/><button\n\t\t\tclass=\"lightbox-trigger\"\n\t\t\ttype=\"button\"\n\t\t\taria-haspopup=\"dialog\"\n\t\t\taria-label=\"Powi\u0119ksz\"\n\t\t\tdata-wp-init=\"callbacks.initTriggerButton\"\n\t\t\tdata-wp-on--click=\"actions.showLightbox\"\n\t\t\tdata-wp-style--right=\"state.imageButtonRight\"\n\t\t\tdata-wp-style--top=\"state.imageButtonTop\"\n\t\t>\n\t\t\t<svg xmlns=\"http:\/\/www.w3.org\/2000\/svg\" width=\"12\" height=\"12\" fill=\"none\" viewBox=\"0 0 12 12\">\n\t\t\t\t<path fill=\"#fff\" d=\"M2 0a2 2 0 0 0-2 2v2h1.5V2a.5.5 0 0 1 .5-.5h2V0H2Zm2 10.5H2a.5.5 0 0 1-.5-.5V8H0v2a2 2 0 0 0 2 2h2v-1.5ZM8 12v-1.5h2a.5.5 0 0 0 .5-.5V8H12v2a2 2 0 0 1-2 2H8Zm2-12a2 2 0 0 1 2 2v2h-1.5V2a.5.5 0 0 0-.5-.5H8V0h2Z\" \/>\n\t\t\t<\/svg>\n\t\t<\/button><\/figure>\n\n\n\n<figure data-wp-context=\"{&quot;imageId&quot;:&quot;69e9fb1f387b3&quot;}\" data-wp-interactive=\"core\/image\" data-wp-key=\"69e9fb1f387b3\" class=\"wp-block-image size-large wp-lightbox-container\"><img loading=\"lazy\" decoding=\"async\" width=\"800\" height=\"600\" data-wp-class--hide=\"state.isContentHidden\" data-wp-class--show=\"state.isContentVisible\" data-wp-init=\"callbacks.setButtonStyles\" data-wp-on--click=\"actions.showLightbox\" data-wp-on--load=\"callbacks.setButtonStyles\" data-wp-on-window--resize=\"callbacks.setButtonStyles\" data-id=\"231\" src=\"https:\/\/www.kdksapieha.pl\/wp-content\/uploads\/2023\/12\/20150311_121650_20150324.jpg\" alt=\"\" class=\"wp-image-231\" srcset=\"https:\/\/www.kdksapieha.pl\/wp-content\/uploads\/2023\/12\/20150311_121650_20150324.jpg 800w, https:\/\/www.kdksapieha.pl\/wp-content\/uploads\/2023\/12\/20150311_121650_20150324-300x225.jpg 300w, https:\/\/www.kdksapieha.pl\/wp-content\/uploads\/2023\/12\/20150311_121650_20150324-768x576.jpg 768w\" sizes=\"auto, (max-width: 800px) 100vw, 800px\" \/><button\n\t\t\tclass=\"lightbox-trigger\"\n\t\t\ttype=\"button\"\n\t\t\taria-haspopup=\"dialog\"\n\t\t\taria-label=\"Powi\u0119ksz\"\n\t\t\tdata-wp-init=\"callbacks.initTriggerButton\"\n\t\t\tdata-wp-on--click=\"actions.showLightbox\"\n\t\t\tdata-wp-style--right=\"state.imageButtonRight\"\n\t\t\tdata-wp-style--top=\"state.imageButtonTop\"\n\t\t>\n\t\t\t<svg xmlns=\"http:\/\/www.w3.org\/2000\/svg\" width=\"12\" height=\"12\" fill=\"none\" viewBox=\"0 0 12 12\">\n\t\t\t\t<path fill=\"#fff\" d=\"M2 0a2 2 0 0 0-2 2v2h1.5V2a.5.5 0 0 1 .5-.5h2V0H2Zm2 10.5H2a.5.5 0 0 1-.5-.5V8H0v2a2 2 0 0 0 2 2h2v-1.5ZM8 12v-1.5h2a.5.5 0 0 0 .5-.5V8H12v2a2 2 0 0 1-2 2H8Zm2-12a2 2 0 0 1 2 2v2h-1.5V2a.5.5 0 0 0-.5-.5H8V0h2Z\" \/>\n\t\t\t<\/svg>\n\t\t<\/button><\/figure>\n\n\n\n<figure data-wp-context=\"{&quot;imageId&quot;:&quot;69e9fb1f38b46&quot;}\" data-wp-interactive=\"core\/image\" data-wp-key=\"69e9fb1f38b46\" class=\"wp-block-image size-large wp-lightbox-container\"><img loading=\"lazy\" decoding=\"async\" width=\"800\" height=\"531\" data-wp-class--hide=\"state.isContentHidden\" data-wp-class--show=\"state.isContentVisible\" data-wp-init=\"callbacks.setButtonStyles\" data-wp-on--click=\"actions.showLightbox\" data-wp-on--load=\"callbacks.setButtonStyles\" data-wp-on-window--resize=\"callbacks.setButtonStyles\" data-id=\"230\" src=\"https:\/\/www.kdksapieha.pl\/wp-content\/uploads\/2023\/12\/DSC_1490_20100407.jpg\" alt=\"\" class=\"wp-image-230\" srcset=\"https:\/\/www.kdksapieha.pl\/wp-content\/uploads\/2023\/12\/DSC_1490_20100407.jpg 800w, https:\/\/www.kdksapieha.pl\/wp-content\/uploads\/2023\/12\/DSC_1490_20100407-300x199.jpg 300w, https:\/\/www.kdksapieha.pl\/wp-content\/uploads\/2023\/12\/DSC_1490_20100407-768x510.jpg 768w\" sizes=\"auto, (max-width: 800px) 100vw, 800px\" \/><button\n\t\t\tclass=\"lightbox-trigger\"\n\t\t\ttype=\"button\"\n\t\t\taria-haspopup=\"dialog\"\n\t\t\taria-label=\"Powi\u0119ksz\"\n\t\t\tdata-wp-init=\"callbacks.initTriggerButton\"\n\t\t\tdata-wp-on--click=\"actions.showLightbox\"\n\t\t\tdata-wp-style--right=\"state.imageButtonRight\"\n\t\t\tdata-wp-style--top=\"state.imageButtonTop\"\n\t\t>\n\t\t\t<svg xmlns=\"http:\/\/www.w3.org\/2000\/svg\" width=\"12\" height=\"12\" fill=\"none\" viewBox=\"0 0 12 12\">\n\t\t\t\t<path fill=\"#fff\" d=\"M2 0a2 2 0 0 0-2 2v2h1.5V2a.5.5 0 0 1 .5-.5h2V0H2Zm2 10.5H2a.5.5 0 0 1-.5-.5V8H0v2a2 2 0 0 0 2 2h2v-1.5ZM8 12v-1.5h2a.5.5 0 0 0 .5-.5V8H12v2a2 2 0 0 1-2 2H8Zm2-12a2 2 0 0 1 2 2v2h-1.5V2a.5.5 0 0 0-.5-.5H8V0h2Z\" \/>\n\t\t\t<\/svg>\n\t\t<\/button><\/figure>\n\n\n\n<figure data-wp-context=\"{&quot;imageId&quot;:&quot;69e9fb1f38e92&quot;}\" data-wp-interactive=\"core\/image\" data-wp-key=\"69e9fb1f38e92\" class=\"wp-block-image size-large wp-lightbox-container\"><img loading=\"lazy\" decoding=\"async\" width=\"800\" height=\"531\" data-wp-class--hide=\"state.isContentHidden\" data-wp-class--show=\"state.isContentVisible\" data-wp-init=\"callbacks.setButtonStyles\" data-wp-on--click=\"actions.showLightbox\" data-wp-on--load=\"callbacks.setButtonStyles\" data-wp-on-window--resize=\"callbacks.setButtonStyles\" data-id=\"232\" src=\"https:\/\/www.kdksapieha.pl\/wp-content\/uploads\/2023\/12\/DSC_1495_20100407.jpg\" alt=\"\" class=\"wp-image-232\" srcset=\"https:\/\/www.kdksapieha.pl\/wp-content\/uploads\/2023\/12\/DSC_1495_20100407.jpg 800w, https:\/\/www.kdksapieha.pl\/wp-content\/uploads\/2023\/12\/DSC_1495_20100407-300x199.jpg 300w, https:\/\/www.kdksapieha.pl\/wp-content\/uploads\/2023\/12\/DSC_1495_20100407-768x510.jpg 768w\" sizes=\"auto, (max-width: 800px) 100vw, 800px\" \/><button\n\t\t\tclass=\"lightbox-trigger\"\n\t\t\ttype=\"button\"\n\t\t\taria-haspopup=\"dialog\"\n\t\t\taria-label=\"Powi\u0119ksz\"\n\t\t\tdata-wp-init=\"callbacks.initTriggerButton\"\n\t\t\tdata-wp-on--click=\"actions.showLightbox\"\n\t\t\tdata-wp-style--right=\"state.imageButtonRight\"\n\t\t\tdata-wp-style--top=\"state.imageButtonTop\"\n\t\t>\n\t\t\t<svg xmlns=\"http:\/\/www.w3.org\/2000\/svg\" width=\"12\" height=\"12\" fill=\"none\" viewBox=\"0 0 12 12\">\n\t\t\t\t<path fill=\"#fff\" d=\"M2 0a2 2 0 0 0-2 2v2h1.5V2a.5.5 0 0 1 .5-.5h2V0H2Zm2 10.5H2a.5.5 0 0 1-.5-.5V8H0v2a2 2 0 0 0 2 2h2v-1.5ZM8 12v-1.5h2a.5.5 0 0 0 .5-.5V8H12v2a2 2 0 0 1-2 2H8Zm2-12a2 2 0 0 1 2 2v2h-1.5V2a.5.5 0 0 0-.5-.5H8V0h2Z\" \/>\n\t\t\t<\/svg>\n\t\t<\/button><\/figure>\n<\/figure>\n\n\n\n<p>Koszt uczestnictwa w zaj\u0119ciach: 200 z\u0142 \/ miesi\u0105c<\/p>\n\n\n\n<p>Termin do ustalenia po zebraniu grupy.<\/p>\n","protected":false},"excerpt":{"rendered":"<p>Czy marzysz o wakacjach za granic\u0105, ale powstrzymuje Ci\u0119 bariera j\u0119zykowa? Wydaje Ci si\u0119, \u017ce bez przewodnika nie dasz rady? We\u017a sprawy w swoje r\u0119ce! Nigdy nie jest za p\u00f3\u017ano, by rozpocz\u0105\u0107 nauk\u0119 j\u0119zyka obcego. Zaj\u0119cia prowadzone s\u0105 w przyjaznej i bezstresowej atmosferze. Spotkania odbywaj\u0105 si\u0119 w niewielkich grupach, kt\u00f3re s\u0105 zr\u00f3\u017cnicowane pod wzgl\u0119dem wieku [&hellip;]<\/p>\n","protected":false},"author":1,"featured_media":0,"parent":0,"menu_order":4,"comment_status":"closed","ping_status":"closed","template":"","meta":{"footnotes":""},"class_list":["post-61","page","type-page","status-publish","hentry"],"blocksy_meta":[],"_links":{"self":[{"href":"https:\/\/www.kdksapieha.pl\/index.php\/wp-json\/wp\/v2\/pages\/61","targetHints":{"allow":["GET"]}}],"collection":[{"href":"https:\/\/www.kdksapieha.pl\/index.php\/wp-json\/wp\/v2\/pages"}],"about":[{"href":"https:\/\/www.kdksapieha.pl\/index.php\/wp-json\/wp\/v2\/types\/page"}],"author":[{"embeddable":true,"href":"https:\/\/www.kdksapieha.pl\/index.php\/wp-json\/wp\/v2\/users\/1"}],"replies":[{"embeddable":true,"href":"https:\/\/www.kdksapieha.pl\/index.php\/wp-json\/wp\/v2\/comments?post=61"}],"version-history":[{"count":10,"href":"https:\/\/www.kdksapieha.pl\/index.php\/wp-json\/wp\/v2\/pages\/61\/revisions"}],"predecessor-version":[{"id":1252,"href":"https:\/\/www.kdksapieha.pl\/index.php\/wp-json\/wp\/v2\/pages\/61\/revisions\/1252"}],"wp:attachment":[{"href":"https:\/\/www.kdksapieha.pl\/index.php\/wp-json\/wp\/v2\/media?parent=61"}],"curies":[{"name":"wp","href":"https:\/\/api.w.org\/{rel}","templated":true}]}}